{"id":3573,"date":"2019-09-23T14:52:00","date_gmt":"2019-09-23T12:52:00","guid":{"rendered":"http:\/\/tamiluz.pruebaswb.com.es\/?page_id=3573"},"modified":"2022-10-21T14:42:05","modified_gmt":"2022-10-21T12:42:05","slug":"contraventanas","status":"publish","type":"page","link":"https:\/\/tamiluz.pruebaswb.com.es\/?page_id=3573&lang=fr","title":{"rendered":"Volets"},"content":{"rendered":"<p>[vc_row full_width=\u00bbstretch_row_content_no_spaces\u00bb el_class=\u00bbtamiluz-wraper-productos-seo\u00bb][vc_column][vc_single_image image=\u00bb2582&#8243; img_size=\u00bbfull\u00bb el_class=\u00bbsombra-img vc_hidden-sm vc_hidden-xs vc_hidden-md\u00bb][vc_single_image image=\u00bb2581&#8243; img_size=\u00bbfull\u00bb el_class=\u00bbsombra-img vc_hidden-lg vc_hidden-xs\u00bb][vc_single_image image=\u00bb2580&#8243; img_size=\u00bbfull\u00bb el_class=\u00bbsombra-img vc_hidden-md vc_hidden-sm vc_hidden-lg\u00bb][\/vc_column][\/vc_row][vc_row row_content_width=\u00bbgrid\u00bb][vc_column]<div class=\"qodef-section-title-holder tamiluz-h1-secciones qodef-st-standard qodef-st-title-left qodef-st-normal-space \" >\n\t<div class=\"qodef-st-inner\">\n\t\t\t\t\t\t\t<h1 class=\"qodef-st-title\" >\n\t\t\t\tVolets\t\t\t<\/h1>\n\t\t\t\t\t<\/div>\n<\/div>[vc_row_inner el_class=\u00bbtamiluz-p-no-margin\u00bb][vc_column_inner width=\u00bb1\/2&#8243;][vc_column_text el_class=\u00bbtamiluz-quote-secciones\u00bb]Les volets sont des \u00e9l\u00e9ments de fermeture ext\u00e9rieure appliqu\u00e9s aux portes et aux fen\u00eatres. Tamiluz con\u00e7oit et produit sur mesure diff\u00e9rents types de volets en aluminium, volets en bois et volets HPL, tous destin\u00e9s \u00e0 la protection solaire, \u00e0 l&#8217;occultation et \u00e0 la ventilation, adapt\u00e9s \u00e0 chaque projet architectural.[\/vc_column_text][vc_column_text]Bien que le concept de volets puisse \u00eatre tr\u00e8s g\u00e9n\u00e9rique, Tamiluz, en tant qu&#8217;expert en protection solaire, les divise clairement en syst\u00e8mes \u00e0 panneaux pleins ou fantaisie, et en syst\u00e8mes \u00e0 lames, fixes ou orientables, que nous appelons respectivement volets \u00e0 lames fixes et volets persienn\u00e9s, ind\u00e9pendamment du syst\u00e8me de pose choisi pour leur mise en \u0153uvre.<\/p>\n<p>&nbsp;<\/p>\n<p>Les volets battants en bois sont probablement l&#8217;option la plus courante et la plus classique, mais les alternatives sont nombreuses et tr\u00e8s int\u00e9ressantes en raison de la vari\u00e9t\u00e9, de la fonctionnalit\u00e9 et du dynamisme qu&#8217;elles offrent, l&#8217;aluminium \u00e9tant un mat\u00e9riau id\u00e9al, ne requ\u00e9rant aucun entretien.<\/p>\n<p>&nbsp;<\/p>\n<p>En fonction du degr\u00e9 de protection solaire, d&#8217;occultation et de ventilation que votre projet demande, et du degr\u00e9 de pro\u00e9minence que vous souhaitez donner aux volets dans la conception de la fa\u00e7ade, l&#8217;\u00e9quipe TAMILUZ vous fera b\u00e9n\u00e9ficier de son expertise et de ses connaissances et contribuera \u00e0 am\u00e9liorer l&#8217;efficacit\u00e9 \u00e9nerg\u00e9tique du b\u00e2timent. Contactez-nous.<\/p>\n<p>&nbsp;<\/p>\n<p><strong>Volets : vari\u00e9t\u00e9 de mat\u00e9riaux<\/strong><\/p>\n<p>&nbsp;<\/p>\n<p>L&#8217;aluminium, le bois, le HPL sont quelques-uns des mat\u00e9riaux que TAMILUZ utilise dans la conception de ses syst\u00e8mes de protection solaire sur mesure. Les cadres et ch\u00e2ssis de tous les syst\u00e8mes TAMILUZ sont toujours en aluminium.<\/p>\n<p>&nbsp;<\/p>\n<p>Tamiluz con\u00e7oit et produit \u00e0 la fois les syst\u00e8mes de protection solaire ainsi que les ferrures et accessoires associ\u00e9s, garantissant ainsi une qualit\u00e9 de finition et une adaptation parfaites, ainsi qu&#8217;un service apr\u00e8s-vente de grande qualit\u00e9.<\/p>\n<p>&nbsp;<\/p>\n<p><strong>Volets : divers syst\u00e8mes :<\/strong><\/p>\n<p>&nbsp;<\/p>\n<p>Des volets \u00e0 panneaux pleins assurant une occultation totale dans les chambres aux syst\u00e8mes de lames fixes ou orientables sur les balcons, terrasses ou fen\u00eatres, les possibilit\u00e9s sont innombrables et les effets sont toujours originaux. Le but\u00a0: g\u00e9n\u00e9rer un plus grand confort ainsi qu\u2019une plus grande efficacit\u00e9 \u00e9nerg\u00e9tique.[\/vc_column_text][\/vc_column_inner][vc_column_inner width=\u00bb1\/2&#8243;][vc_column_text]<strong>Volets et mouvement : syst\u00e8mes architecturaux<\/strong><\/p>\n<p>&nbsp;<\/p>\n<p>Le mouvement est l&#8217;une des propri\u00e9t\u00e9s les plus pr\u00e9cieuses des volets et autres syst\u00e8mes de protection solaire passive. Conform\u00e9ment \u00e0 son concept de conception sur mesure, TAMILUZ propose de nombreux syst\u00e8mes de pose et s&#8217;adapte aux besoins de votre projet.<\/p>\n<p>&nbsp;<\/p>\n<p>Les volets coulissants et les volets pliables-coulissants, entre autres, sont devenus une option de fermeture tr\u00e8s appr\u00e9ci\u00e9e pour les fen\u00eatres et les portes, mais aussi pour les balcons. Ils permettent de donner de l&#8217;intimit\u00e9 \u00e0 cet espace ext\u00e9rieur, et de l\u2019int\u00e9grer \u00e0 l\u2019espace priv\u00e9.<\/p>\n<p>L&#8217;option de pose en levage, en saillie ou m\u00eame la pose fixe permet \u00e9galement de r\u00e9aliser des fa\u00e7ades dynamiques et tr\u00e8s int\u00e9ressantes.<\/p>\n<p>&nbsp;<\/p>\n<p><a href=\"http:\/\/tamiluz.pruebaswb.com.es\/fr\/realisations\/\">D\u00c9COUVREZ ICI LES PROJETS AVEC DES SYST\u00c8MES DE VOLETS<\/a><\/p>\n<p>&nbsp;<\/p>\n<p><a href=\"http:\/\/tamiluz.pruebaswb.com.es\/fr\/volets-panneaux-pleins-ou-fantaisie\/\">VOIR SYST\u00c8MES DE VOLETS<\/a><\/p>\n<p>&nbsp;<\/p>\n<p><a href=\"http:\/\/tamiluz.pruebaswb.com.es\/fr\/actualites\/\">LIRE NOS DERNI\u00c8RES NOUVELLES<\/a><\/p>\n<p>&nbsp;<\/p>\n<p>&nbsp;<\/p>\n<p>Finitions en aluminium :<\/p>\n<ul>\n<li>Toutes les couleurs de la carte RAL, aussi bien brillantes que mates.<\/li>\n<li>Toutes les laques de la gamme Futura (application sous-joint Qualicoat)<\/li>\n<\/ul>\n<p>Dans les syst\u00e8mes en aluminium anodis\u00e9, TAMILUZ offre une grande vari\u00e9t\u00e9 de nuances, avec une \u00e9paisseur standard de 15 microns (20 microns en option), avec un processus qui respecte les directives du sceau Qualanod.<\/p>\n<p>&nbsp;<\/p>\n<p>Les volets TAMILUZ sont con\u00e7us sur mesure pour chaque projet, en fonction de l&#8217;id\u00e9e originale de l&#8217;architecte ou des besoins de l&#8217;installateur. Notre catalogue est l&#8217;outil qui nous permet d&#8217;entamer le dialogue qui m\u00e8nera \u00e0 la conception finale, sur la base des caract\u00e9ristiques architecturales et constructives requises.<\/p>\n<p>&nbsp;<\/p>\n<p>Les volets ext\u00e9rieurs TAMILUZ, appliqu\u00e9s aux fen\u00eatres et aux portes, aux terrasses et aux balcons, am\u00e9liorent l&#8217;efficacit\u00e9 \u00e9nerg\u00e9tique du b\u00e2timent.<\/p>\n<p>&nbsp;<\/p>\n<p>Notre \u00e9quipe du service client\u00e8le accompagne le professionnel d\u00e8s le d\u00e9but du projet, dans le but de faire de votre id\u00e9e une r\u00e9alit\u00e9, en tenant compte \u00e0 la fois de la fonctionnalit\u00e9 et de l&#8217;esth\u00e9tique du syst\u00e8me.<\/p>\n<p>&nbsp;<\/p>\n<p>Vous souhaitez t\u00e9l\u00e9charger le catalogue TAMILUZ ? CLIQUEZ ICI<\/p>\n<p>D\u00e9couvrez les autres syst\u00e8mes de protection solaire TAMILUZ :[\/vc_column_text][\/vc_column_inner][\/vc_row_inner][\/vc_column][\/vc_row][vc_row full_width=\u00bbstretch_row_content\u00bb][vc_column el_class=\u00bbtamiluz-destacados-secciones-seo\u00bb]<div class=\"qodef-portfolio-list-holder qodef-grid-list qodef-disable-bottom-space qodef-pl-gallery qodef-three-columns qodef-small-space qodef-pl-standard-shader  qodef-pl-has-shadow        \"  data-type=gallery data-number-of-columns=three data-space-between-items=small data-number-of-items=-1 data-image-proportions=full data-enable-fixed-proportions=no data-enable-image-shadow=yes data-post-type=page data-selected-pages=1012,133 data-item-style=standard-shader data-enable-title=yes data-title-tag=h4 data-enable-excerpt=yes data-excerpt-length=200 data-enable-link=yes data-enable-article-animation=no data-max-num-pages=0 data-next-page=2>\n        <div class=\"qodef-pl-inner qodef-outer-space  clearfix carousel\">\n        <article class=\"qodef-pl-item qodef-item-space  post-1012 page type-page status-publish has-post-thumbnail hentry qodef-pi-small-3655 gallery-cell\"  data-item-class=\"qodef-pi-small-3655\">\n    <div class=\"qodef-pl-item-inner\">\n\n        <div class=\"qodef-pli-image\">\n\t<img loading=\"lazy\" decoding=\"async\" width=\"2560\" height=\"1475\" src=\"https:\/\/tamiluz.pruebaswb.com.es\/wp-content\/uploads\/2022\/10\/HABITATGES-MODOLELL-03-2-scaled.jpg\" class=\"attachment-full size-full wp-post-image\" alt=\"\" srcset=\"https:\/\/tamiluz.pruebaswb.com.es\/wp-content\/uploads\/2022\/10\/HABITATGES-MODOLELL-03-2-scaled.jpg 2560w, https:\/\/tamiluz.pruebaswb.com.es\/wp-content\/uploads\/2022\/10\/HABITATGES-MODOLELL-03-2-300x173.jpg 300w, https:\/\/tamiluz.pruebaswb.com.es\/wp-content\/uploads\/2022\/10\/HABITATGES-MODOLELL-03-2-1024x590.jpg 1024w, https:\/\/tamiluz.pruebaswb.com.es\/wp-content\/uploads\/2022\/10\/HABITATGES-MODOLELL-03-2-768x443.jpg 768w, https:\/\/tamiluz.pruebaswb.com.es\/wp-content\/uploads\/2022\/10\/HABITATGES-MODOLELL-03-2-1536x885.jpg 1536w, https:\/\/tamiluz.pruebaswb.com.es\/wp-content\/uploads\/2022\/10\/HABITATGES-MODOLELL-03-2-24x14.jpg 24w, https:\/\/tamiluz.pruebaswb.com.es\/wp-content\/uploads\/2022\/10\/HABITATGES-MODOLELL-03-2-36x21.jpg 36w, https:\/\/tamiluz.pruebaswb.com.es\/wp-content\/uploads\/2022\/10\/HABITATGES-MODOLELL-03-2-48x28.jpg 48w\" sizes=\"auto, (max-width: 2560px) 100vw, 2560px\" \/>    <\/div>\n<div class=\"qodef-pli-text-holder\" >\n    <div class=\"qodef-pli-text-wrapper\">\n        <div class=\"qodef-pli-text\">\n            \t<h4 itemprop=\"name\" class=\"qodef-pli-title entry-title\" >\n\t\t<span>Porticones y Contraventanas<\/span>\n\t<\/h4>\n\n            \n            \n            \t<p itemprop=\"description\" class=\"qodef-pli-excerpt\">Sistemas a medida de contraventanas opacas, perforadas o de metal expandido.<\/p>\n\n                    <\/div>\n    <\/div>\n<\/div>\n        <a itemprop=\"url\" class=\"qodef-pli-link qodef-block-drag-link\" href=\"https:\/\/tamiluz.pruebaswb.com.es\/?page_id=1012&#038;lang=es\" target=\"_self\"><\/a>\n    <\/div>\n<\/article><article class=\"qodef-pl-item qodef-item-space  post-133 page type-page status-publish has-post-thumbnail hentry qodef-pi-small-3632 gallery-cell\"  data-item-class=\"qodef-pi-small-3632\">\n    <div class=\"qodef-pl-item-inner\">\n\n        <div class=\"qodef-pli-image\">\n\t<img loading=\"lazy\" decoding=\"async\" width=\"650\" height=\"433\" src=\"https:\/\/tamiluz.pruebaswb.com.es\/wp-content\/uploads\/2020\/10\/CATAMARAN_CodaOffice_fotografoDavidFrutos_650x433.jpg\" class=\"attachment-full size-full wp-post-image\" alt=\"\" srcset=\"https:\/\/tamiluz.pruebaswb.com.es\/wp-content\/uploads\/2020\/10\/CATAMARAN_CodaOffice_fotografoDavidFrutos_650x433.jpg 650w, https:\/\/tamiluz.pruebaswb.com.es\/wp-content\/uploads\/2020\/10\/CATAMARAN_CodaOffice_fotografoDavidFrutos_650x433-300x200.jpg 300w, https:\/\/tamiluz.pruebaswb.com.es\/wp-content\/uploads\/2020\/10\/CATAMARAN_CodaOffice_fotografoDavidFrutos_650x433-24x16.jpg 24w, https:\/\/tamiluz.pruebaswb.com.es\/wp-content\/uploads\/2020\/10\/CATAMARAN_CodaOffice_fotografoDavidFrutos_650x433-36x24.jpg 36w, https:\/\/tamiluz.pruebaswb.com.es\/wp-content\/uploads\/2020\/10\/CATAMARAN_CodaOffice_fotografoDavidFrutos_650x433-48x32.jpg 48w\" sizes=\"auto, (max-width: 650px) 100vw, 650px\" \/>    <\/div>\n<div class=\"qodef-pli-text-holder\" >\n    <div class=\"qodef-pli-text-wrapper\">\n        <div class=\"qodef-pli-text\">\n            \t<h4 itemprop=\"name\" class=\"qodef-pli-title entry-title\" >\n\t\t<span>Referencias<\/span>\n\t<\/h4>\n\n            \n            \n            \t<p itemprop=\"description\" class=\"qodef-pli-excerpt\">Insp\u00edrate con nuestras realizaciones de alto impacto est\u00e9tico y funcional.<\/p>\n\n                    <\/div>\n    <\/div>\n<\/div>\n        <a itemprop=\"url\" class=\"qodef-pli-link qodef-block-drag-link\" href=\"https:\/\/tamiluz.pruebaswb.com.es\/?page_id=133&#038;lang=es\" target=\"_self\"><\/a>\n    <\/div>\n<\/article>    <\/div>\n    <\/div>[\/vc_column][\/vc_row][vc_row][vc_column][vc_row_inner][vc_column_inner el_class=\u00bbtamiluz-newsletter\u00bb]<div class=\"qodef-iwt clearfix tamiluz-volver-secciones-seo qodef-iwt-icon-left qodef-iwt-icon-tiny\">\n\t<div class=\"qodef-iwt-icon\">\n\t\t\t\t\t<a itemprop=\"url\" href=\"\/es\/proteccion-solar\" target=\"_self\">\n\t\t\t\t\t\t\t\t\t    <span class=\"qodef-icon-shortcode qodef-normal   qodef-icon-tiny\"  data-color=\"#fbb900\">\n                    <i class=\"qodef-icon-dripicons dripicon dripicons-chevron-left qodef-icon-element\" style=\"color: #fbb900;font-size:46px\" ><\/i>            <\/span>\n\t\t\t\t\t\t\t\t<\/a>\n\t\t\t<\/div>\n\t<div class=\"qodef-iwt-content\" >\n\t\t\t\t\t\t\t<p class=\"qodef-iwt-text\" >\n                                <a href=\"\/es\/proteccion-solar\">\n                                Volver                            <\/a>\n                        <\/p>\n\t\t\t<\/div>\n<\/div>[vc_raw_html]JTVCZm9vdGVyLWNvbnRhY3RvJTVE[\/vc_raw_html][\/vc_column_inner][\/vc_row_inner][\/vc_column][\/vc_row]<\/p>\n","protected":false},"excerpt":{"rendered":"<p>[vc_row full_width=\u00bbstretch_row_content_no_spaces\u00bb el_class=\u00bbtamiluz-wraper-productos-seo\u00bb][vc_column][vc_single_image image=\u00bb2582&#8243; img_size=\u00bbfull\u00bb el_class=\u00bbsombra-img vc_hidden-sm vc_hidden-xs vc_hidden-md\u00bb][vc_single_image image=\u00bb2581&#8243; img_size=\u00bbfull\u00bb el_class=\u00bbsombra-img vc_hidden-lg vc_hidden-xs\u00bb][vc_single_image image=\u00bb2580&#8243; img_size=\u00bbfull\u00bb el_class=\u00bbsombra-img vc_hidden-md vc_hidden-sm vc_hidden-lg\u00bb][\/vc_column][\/vc_row][vc_row row_content_width=\u00bbgrid\u00bb][vc_column][vc_row_inner el_class=\u00bbtamiluz-p-no-margin\u00bb][vc_column_inner width=\u00bb1\/2&#8243;][vc_column_text el_class=\u00bbtamiluz-quote-secciones\u00bb]Les volets sont des \u00e9l\u00e9ments de fermeture ext\u00e9rieure appliqu\u00e9s aux portes et aux fen\u00eatres. Tamiluz con\u00e7oit et [&hellip;]<\/p>\n","protected":false},"author":5,"featured_media":0,"parent":0,"menu_order":0,"comment_status":"closed","ping_status":"closed","template":"","meta":{"footnotes":""},"class_list":["post-3573","page","type-page","status-publish","hentry"],"lang":"fr","translations":{"fr":3573,"es":2402,"en":3576},"pll_sync_post":[],"_links":{"self":[{"href":"https:\/\/tamiluz.pruebaswb.com.es\/index.php?rest_route=\/wp\/v2\/pages\/3573","targetHints":{"allow":["GET"]}}],"collection":[{"href":"https:\/\/tamiluz.pruebaswb.com.es\/index.php?rest_route=\/wp\/v2\/pages"}],"about":[{"href":"https:\/\/tamiluz.pruebaswb.com.es\/index.php?rest_route=\/wp\/v2\/types\/page"}],"author":[{"embeddable":true,"href":"https:\/\/tamiluz.pruebaswb.com.es\/index.php?rest_route=\/wp\/v2\/users\/5"}],"replies":[{"embeddable":true,"href":"https:\/\/tamiluz.pruebaswb.com.es\/index.php?rest_route=%2Fwp%2Fv2%2Fcomments&post=3573"}],"version-history":[{"count":6,"href":"https:\/\/tamiluz.pruebaswb.com.es\/index.php?rest_route=\/wp\/v2\/pages\/3573\/revisions"}],"predecessor-version":[{"id":4718,"href":"https:\/\/tamiluz.pruebaswb.com.es\/index.php?rest_route=\/wp\/v2\/pages\/3573\/revisions\/4718"}],"wp:attachment":[{"href":"https:\/\/tamiluz.pruebaswb.com.es\/index.php?rest_route=%2Fwp%2Fv2%2Fmedia&parent=3573"}],"curies":[{"name":"wp","href":"https:\/\/api.w.org\/{rel}","templated":true}]}}